{"id":2021,"date":"2016-06-19T12:03:39","date_gmt":"2016-06-19T15:03:39","guid":{"rendered":"http:\/\/sdmediar.com.br\/site\/?page_id=2021"},"modified":"2016-06-19T12:37:45","modified_gmt":"2016-06-19T15:37:45","slug":"links-internacionais","status":"publish","type":"page","link":"http:\/\/sdmediar.com.br\/site\/links-internacionais\/","title":{"rendered":"Links Internacionais"},"content":{"rendered":"<p><strong>Comiss\u00e3o Europ\u00e9ia<\/strong><br \/>\n<strong><a href=\"http:\/\/ec.europa.eu\" target=\"_blank\">ec.europa.eu<\/a><\/strong><\/p>\n<p><strong>European Forum for Restorative Justice<\/strong><br \/>\n<strong><a href=\"http:\/\/www.euforumrj.org\" target=\"_blank\">www.euforumrj.org<\/a><\/strong><\/p>\n<p><strong>Gouvernement du Quebec, Canada<\/strong><br \/>\n<strong><a href=\"http:\/\/www.justice.gouv.qc.ca\" target=\"_blank\">www.justice.gouv.qc.ca<\/a><\/strong><\/p>\n<p><strong>Governo Portugu\u00eas<\/strong><br \/>\n<strong><a href=\"http:\/\/www.portugal.gov.pt\" target=\"_blank\">www.portugal.gov.pt<\/a><\/strong><\/p>\n<p><strong>Instituto de Media\u00e7\u00e3o e Arbitragem de Portugal<\/strong><br \/>\n<strong><a href=\"http:\/\/www.imap.pt\" target=\"_blank\">www.imap.pt<\/a><\/strong><\/p>\n<p><strong>Mercosul- Portal Oficial<\/strong><br \/>\n<strong><a href=\"http:\/\/www.mercosur.int\" target=\"_blank\">www.mercosur.int<\/a><\/strong><\/p>\n<p><strong>Portal da Justi\u00e7a de Portugal<\/strong><br \/>\n<strong><a href=\"http:\/\/www.mj.gov.pt\" target=\"_blank\">www.mj.gov.pt<\/a><\/strong><\/p>\n<p><strong>Uni\u00e3o Europ\u00e9ia<\/strong><br \/>\n<strong><a href=\"http:\/\/europa.eu\" target=\"_blank\">europa.eu<\/a><\/strong><\/p>\n<p><strong>Universidade Lus\u00f3fona do Porto<\/strong><br \/>\n<strong><a href=\"http:\/\/www.grupolusofona.pt\" target=\"_blank\">www.grupolusofona.pt<\/a><\/strong><\/p>\n","protected":false},"excerpt":{"rendered":"<p>Comiss\u00e3o Europ\u00e9ia ec.europa.eu European Forum for Restorative Justice www.euforumrj.org Gouvernement du Quebec, Canada www.justice.gouv.qc.ca Governo Portugu\u00eas www.portugal.gov.pt Instituto de Media\u00e7\u00e3o e Arbitragem de Portugal www.imap.pt Mercosul- Portal Oficial www.mercosur.int Portal da Justi\u00e7a de Portugal www.mj.gov.pt Uni\u00e3o Europ\u00e9ia europa.eu Universidade Lus\u00f3fona do Porto www.grupolusofona.pt<\/p>\n","protected":false},"author":2,"featured_media":0,"parent":0,"menu_order":0,"comment_status":"closed","ping_status":"closed","template":"","meta":{"_joinchat":[],"footnotes":""},"_links":{"self":[{"href":"http:\/\/sdmediar.com.br\/site\/wp-json\/wp\/v2\/pages\/2021"}],"collection":[{"href":"http:\/\/sdmediar.com.br\/site\/wp-json\/wp\/v2\/pages"}],"about":[{"href":"http:\/\/sdmediar.com.br\/site\/wp-json\/wp\/v2\/types\/page"}],"author":[{"embeddable":true,"href":"http:\/\/sdmediar.com.br\/site\/wp-json\/wp\/v2\/users\/2"}],"replies":[{"embeddable":true,"href":"http:\/\/sdmediar.com.br\/site\/wp-json\/wp\/v2\/comments?post=2021"}],"version-history":[{"count":2,"href":"http:\/\/sdmediar.com.br\/site\/wp-json\/wp\/v2\/pages\/2021\/revisions"}],"predecessor-version":[{"id":2052,"href":"http:\/\/sdmediar.com.br\/site\/wp-json\/wp\/v2\/pages\/2021\/revisions\/2052"}],"wp:attachment":[{"href":"http:\/\/sdmediar.com.br\/site\/wp-json\/wp\/v2\/media?parent=2021"}],"curies":[{"name":"wp","href":"https:\/\/api.w.org\/{rel}","templated":true}]}}